ime factors of w.
2, 7
Let q(v) be the first derivative of v**5/20 - v**4/3 - v**3/3 + v**2 - 2*v - 2. Let t(b) be the first derivative of q(b). List the prime factors of t(5).
17
Suppose y - 2*y + 3 = 0. Suppose -2*p + 11 - y = 0. List the prime factors of p.
2
List the prime factors of 1 + 447/5 + 8/(-20).
2, 3, 5
Suppose -4*l - 40 = -2*k, -k = -6*k + 5*l + 125. Let m = 5 + k. List the prime factors of m.
5, 7
Suppose n = 15 + 26. What are the prime factors of n?
41
Suppose 2*o + 16 = -82. Let f = o + 82. What are the prime factors of f?
3, 11
Let m be ((-2)/(-5) - 0)*25. Let u = -25 + 24. Let y = u + m. What are the prime factors of y?
3
Suppose y = 3*j - 16, -5*j - 3*y + 7 = -3*j. Suppose -4*v = -4*a - 16, 6*v + j*a = v + 60. What are the prime factors of v?
2
Let w(h) = h**2 + 4*h - 2. Let b be w(-5). Suppose -2*n = 3*n - 3*c - 31, 0 = -n - c + 3. Suppose -n - 7 = -b*g. What are the prime factors of g?
2
Let z be (-4)/(-6) - (-32)/(-12). Suppose 54 = -4*y - 30. List the prime factors of (-91)/y*(1 - z).
13
Let j be (3 + (-33)/(-15))*105. Let i be 2/(-6) - j/(-18). Suppose 4*c - 17 = -4*p + 43, 0 = -2*c - p + i. What are the prime factors of c?
3, 5
Let q = 155 - 104. Suppose -3*f - 5*t + 54 = 0, 2*t - q - 12 = -3*f. What are the prime factors of f?
23
Suppose 0 = -k - 1 + 3. Suppose -34 = -4*f + 2*l, -3*f + k*l + 43 - 15 = 0. What are the prime factors of f?
2, 3
Let t be -3 - (13*-6)/3. Suppose -4*g + t = 5*j, j + 12 = 3*j + 3*g. What are the prime factors of j?
3
Let j be 1/6 + (-2)/12. Suppose j = -7*k + 3*k + 60. What are the prime factors of k?
3, 5
Let f(a) = 8*a. Let m be f(-1). Let o(k) = -k**2 - 9*k - 1. Let h be o(m). Let i = h - -4. List the prime factors of i.
11
Let q = -83 - -133. What are the prime factors of q?
2, 5
List the prime factors of ((-9)/27)/(-1*(-3)/(-1197)).
7, 19
Let h(o) = -1 + 5 + 2 - 5 + o**2. What are the prime factors of h(2)?
5
Let v(l) = l + 8. Let x be v(4). What are the prime factors of 166/6 - (-4)/x?
2, 7
Suppose 7*g = 159 + 261. List the prime factors of g.
2, 3, 5
Suppose -2*b + 2 - 8 = 0. What are the prime factors of (0 - b)/((-3)/(-4))?
2
List the prime factors of 3/(-18) + (-597)/(-18).
3, 11
Let m = -69 + 115. What are the prime factors of m?
2, 23
Suppose 11 = -h + 4*q, 3*h - q = 4*q - 19. Let j be 24/20*-2*(-15)/4. Let p = j + h. What are the prime factors of p?
2, 3
Let v(f) be the first derivative of f**4/4 + f**3/3 - f**2/2 + 2*f - 1. Let i be v(0). List the prime factors of -4 + i + 1 + 12.
11
Let z(y) = 4*y - 2*y + 20*y**2 - 3*y + 1. What are the prime factors of z(1)?
2, 5
Suppose c - 3 - 2 = -4*z, -10 = 2*z - 2*c. Suppose 2*a - 5*a + 42 = z. What are the prime factors of a?
2, 7
Let y = -1 - -3. Suppose 3*b - 2 = -4*v + 3, y*b - 5 = -v. Suppose 24 = -w + b*w. What are the prime factors of w?
2, 3
Suppose 0*r + 5*r = -o + 99, -5*r + 247 = 3*o. What are the prime factors of o?
2, 37
Let h be (-18)/(-5) - 6/(-15). Suppose 2*v + 0*v = -3*o + 35, -68 = -h*v - 4*o. What are the prime factors of v?
2
Let z = -64 + 118. List the prime factors of z.
2, 3
Suppose 7 = a - 0*a. List the prime factors of (-14)/(-1) - (3 - a).
2, 3
Let d be 6 + (-4)/(-3 - -1). Suppose 0*s - 4*s + d = 0. List the prime factors of s.
2
Let a(b) = 132*b - 1. List the prime factors of a(1).
131
What are the prime factors of (95 - 0)*1 + -1 + 4?
2, 7
Suppose 3*p = -2 - 1. Let i = -2 - p. List the prime factors of (3*(-2)/3)/i.
2
Suppose 0 = a + v + 4*v + 30, -5*a - 96 = -2*v. What are the prime factors of -38*(a/8)/5?
19
Let z(i) = -33*i**3 - i**2 + 4*i + 3. What are the prime factors of z(-2)?
3, 5, 17
Suppose 2*p - 92 = -2*p. What are the prime factors of p?
23
Let j(d) = 44*d + 30. List the prime factors of j(4).
2, 103
Let c = -3 - -8. What are the prime factors of ((-4)/c)/((-4)/10)?
2
Let s(z) be the first derivative of 2*z**2 - 3. What are the prime factors of s(3)?
2, 3
Suppose 44 = i + 9. Suppose 2*s = i - 1. What are the prime factors of s?
17
Let f = -88 + 52. Suppose 4*p = -8, 5*l = 2*p - 626 + 215. What are the prime factors of 8/f + l/(-9)?
3
Let l be (-3 + 1)/((-1)/2). Let p(b) = 2*b - 10. Let f be p(7). Suppose 0 = -0*a - l*a - 4*o + 44, f*o = 4*a - 60. List the prime factors of a.
13
Suppose -2*k - 5*q = -1, 2*k + k = 4*q + 13. Suppose 2*u + h - 16 = -u, k*u = -4*h + 28. What are the prime factors of u?
2
What are the prime factors of (-4)/(8/14)*-7?
7
Let d(r) = r**2 + 5*r + 7. Let v be d(-5). Let g = 5 + v. List the prime factors of g.
2, 3
Let r be 39/(-65) + (-6)/(-10). Suppose v + 31 = d, -v = -r*v + 3. What are the prime factors of d?
2, 7
Let d(b) = -b**3 - 3*b**2 - b - 3. Let y be d(-3). Suppose 0 = -6*i + 3*i. What are the prime factors of 11 - (i - 0) - y?
11
Suppose -l - 1 = a - 8, -8 = l - 4*a. Let u(n) = -n**3 - 3*n - 4 + 8 + 7*n**2 - 2*n**2. What are the prime factors of u(l)?
2
Suppose -2*p - 3*p = -30. Suppose -q = -4*q + p. Let m = 7 + q. List the prime factors of m.
3
Let f(q) = -2*q**3 - 3*q**2 + 6*q + 4. Let u be f(-4). Let v(i) = -9*i**2 + 2*i - 1. Let d be v(1). List the prime factors of (u/d)/((-1)/2).
3, 5
Let o(z) be the second derivative of z**4/6 - z**3/3 - z**2/2 + 2*z. Suppose 2*d = -0*d - 5*q + 11, -5*d = -4*q - 11. What are the prime factors of o(d)?
11
Suppose 0*w = -2*k - 4*w + 66, 5*k - 3*w = 113. Let n(y) = 20*y - 2. Let c be n(2). Suppose -5*i = -5*h - k, -h - c + 3 = -4*i. List the prime factors of i.
2, 5
Let r = -8 + 12. Let a(o) = -o**2 + o**2 + 1 - 3*o + o**2. What are the prime factors of a(r)?
5
Let h(d) = -3*d + 2. Let p be h(-2). Suppose -m + f = -p + 1, 4*m + 3*f - 7 = 0. List the prime factors of m.
2
Let s(y) be the third derivative of y**5/8 + y**3/6 + y**2. Let q(i) be the first derivative of s(i). What are the prime factors of q(1)?
3, 5
Suppose 8 = -q + 4*d, 0*d + 3*d = 2*q + 11. Let c = -2 - q. What are the prime factors of c?
2
Let o(k) = -k**3. Let n be o(0). Suppose -2*w + 4*m + 12 = 2*w, -3*w + 2*m + 9 = n. Suppose b = -2*a + 12, w*b + 7 = -4*a + 39. What are the prime factors of b?
2
Suppose 2*b = -0*b + 38. List the prime factors of b.
19
Let i(u) = -3*u - 13. Let n be 465/(-75) - 2/(-10). List the prime factors of i(n).
5
Let b(t) = t + 0 - 5 + t**2 + 2. Let k be b(-3). Suppose l + 3*l - 4*v = 16, -l = -k*v - 2. List the prime factors of l.
5
Suppose 3*i - 86 + 298 = 2*g, 226 = 2*g + 4*i. List the prime factors of g.
109
Suppose 129 = 4*g - 5*w, -4*g - 4*w + 84 = -2*g. List the prime factors of g.
2, 3
Let u(h) = 33*h**3 + h - 1. Let r be u(1). Suppose r + 31 = 2*a. What are the prime factors of a?
2
Let s = -8 + 8. Suppose 18 = 5*w + 2*u, s = -w - w + 5*u - 16. Suppose 6 + 14 = w*d. List the prime factors of d.
2, 5
Suppose 0*z - 26 = -z. Suppose 0*c - z = -2*c. What are the prime factors of c?
13
Suppose 9*q - 10 = 332. What are the prime factors of q?
2, 19
Let j(t) = -2*t**3 - 9*t**2 + t + 7. List the prime factors of j(-7).
5, 7
Let n be -2 - (-10 - -2) - 1. Suppose 0 = n*d - 22 + 7. Suppose -f - d + 28 = 4*s, 3*s - 19 = -f. What are the prime factors of s?
2, 3
Let n(j) = 2*j**2 - j - 1. Let c(i) = -i + 9. Let g be c(4). Let x be n(g). Suppose -4*u + 3*k = -2*k - x, -u = 5*k - 11. What are the prime factors of u?
11
Let r be 1 + 47 + 3/(-1). Suppose -4*t + r = t. Suppose -t = -2*u + 13. What are the prime factors of u?
11
Let g = 5 + -3. Suppose -2*m - 1 + 5 = 0, g = -5*c + m. Suppose c = z - 4*x + 1, 5*z - 7 - 30 = -x. List the prime factors of z.
7
Let w = -3 + 5. Let y be (-8)/(-6)*(-9)/(-2). Suppose y = 2*t + w. What are the prime factors of t?
2
Suppose 4*n = 7*n + 5*z - 93, 124 = 4*n + 3*z. What are the prime factors of n?
31
Suppose -3*w - 5*b - 3 = -0, -18 = -3*w + 2*b. What are the prime factors of w?
2
Suppose -4*s - 7 = -23. Suppose r = 4*r + 4*j - 38, -s*r - 4*j + 48 = 0. List the prime factors of r.
2, 5
Suppose 1 = 3*c - 4*k, 5*c + 0*k = -5*k + 25. Suppose -c - 27 = -5*l. List the prime factors of l.
2, 3
Suppose 827 - 155 = 3*r + 2*c, r - c = 224. What are the prime factors of r?
2, 7
Let v(u) = -2*u**3 - u - 1. List the prime factors of v(-2).
17
Let s = 1 - 13. What are the prime factors of 4/s - (-22)/3?
7
Let u = 37 - -8. What are the prime factors of u?
3, 5
Let b = -17 - -72. List the prime factors of b.
5, 11
L